{"id":723,"date":"2023-03-31T18:54:57","date_gmt":"2023-03-31T21:54:57","guid":{"rendered":"https:\/\/vsstransporte.com.br\/?page_id=723"},"modified":"2023-06-05T20:03:33","modified_gmt":"2023-06-05T23:03:33","slug":"area-de-atuacao","status":"publish","type":"page","link":"https:\/\/vsstransporte.com.br\/index.php\/area-de-atuacao\/","title":{"rendered":"Area de Atua\u00e7\u00e3o"},"content":{"rendered":"\t\t<div data-elementor-type=\"wp-page\" data-elementor-id=\"723\" class=\"elementor elementor-723\">\n\t\t\t\t\t\t<section class=\"elementor-section elementor-top-section elementor-element elementor-element-20070da elementor-section-boxed elementor-section-height-default elementor-section-height-default\" data-id=\"20070da\" data-element_type=\"section\">\n\t\t\t\t\t\t<div class=\"elementor-container elementor-column-gap-default\">\n\t\t\t\t\t<div class=\"elementor-column elementor-col-100 elementor-top-column elementor-element elementor-element-454c1be\" data-id=\"454c1be\" data-element_type=\"column\">\n\t\t\t<div class=\"elementor-widget-wrap elementor-element-populated\">\n\t\t\t\t\t\t<div class=\"elementor-element elementor-element-2ff8c84 elementor-absolute elementor-widget elementor-widget-image\" data-id=\"2ff8c84\" data-element_type=\"widget\" data-settings=\"{&quot;_position&quot;:&quot;absolute&quot;}\" data-widget_type=\"image.default\">\n\t\t\t\t<div class=\"elementor-widget-container\">\n\t\t\t\t\t\t\t\t\t\t\t\t\t\t\t<img fetchpriority=\"high\" decoding=\"async\" width=\"1024\" height=\"384\" src=\"https:\/\/vsstransporte.com.br\/wp-content\/uploads\/2023\/04\/Banner-Site-Black-Friday-moderno-preto-e-rosa-1024x384.jpg\" class=\"attachment-large size-large wp-image-1138\" alt=\"\" srcset=\"https:\/\/vsstransporte.com.br\/wp-content\/uploads\/2023\/04\/Banner-Site-Black-Friday-moderno-preto-e-rosa-1024x384.jpg 1024w, https:\/\/vsstransporte.com.br\/wp-content\/uploads\/2023\/04\/Banner-Site-Black-Friday-moderno-preto-e-rosa-300x113.jpg 300w, https:\/\/vsstransporte.com.br\/wp-content\/uploads\/2023\/04\/Banner-Site-Black-Friday-moderno-preto-e-rosa-768x288.jpg 768w, https:\/\/vsstransporte.com.br\/wp-content\/uploads\/2023\/04\/Banner-Site-Black-Friday-moderno-preto-e-rosa-1536x576.jpg 1536w, https:\/\/vsstransporte.com.br\/wp-content\/uploads\/2023\/04\/Banner-Site-Black-Friday-moderno-preto-e-rosa-2048x768.jpg 2048w\" sizes=\"(max-width: 1024px) 100vw, 1024px\" \/>\t\t\t\t\t\t\t\t\t\t\t\t\t\t\t<\/div>\n\t\t\t\t<\/div>\n\t\t\t\t\t<\/div>\n\t\t<\/div>\n\t\t\t\t\t<\/div>\n\t\t<\/section>\n\t\t\t\t<section class=\"elementor-section elementor-top-section elementor-element elementor-element-bbae4aa elementor-section-boxed elementor-section-height-default elementor-section-height-default\" data-id=\"bbae4aa\" data-element_type=\"section\">\n\t\t\t\t\t\t<div class=\"elementor-container elementor-column-gap-default\">\n\t\t\t\t\t<div class=\"elementor-column elementor-col-100 elementor-top-column elementor-element elementor-element-26ffcc5\" data-id=\"26ffcc5\" data-element_type=\"column\">\n\t\t\t<div class=\"elementor-widget-wrap elementor-element-populated\">\n\t\t\t\t\t\t<div class=\"elementor-element elementor-element-3a4f2df elementor-widget elementor-widget-spacer\" data-id=\"3a4f2df\" data-element_type=\"widget\" data-widget_type=\"spacer.default\">\n\t\t\t\t<div class=\"elementor-widget-container\">\n\t\t\t\t\t\t\t<div class=\"elementor-spacer\">\n\t\t\t<div class=\"elementor-spacer-inner\"><\/div>\n\t\t<\/div>\n\t\t\t\t\t\t<\/div>\n\t\t\t\t<\/div>\n\t\t\t\t\t<\/div>\n\t\t<\/div>\n\t\t\t\t\t<\/div>\n\t\t<\/section>\n\t\t\t\t<section class=\"elementor-section elementor-top-section elementor-element elementor-element-3f93b30 elementor-section-boxed elementor-section-height-default elementor-section-height-default\" data-id=\"3f93b30\" data-element_type=\"section\">\n\t\t\t\t\t\t<div class=\"elementor-container elementor-column-gap-default\">\n\t\t\t\t\t<div class=\"elementor-column elementor-col-100 elementor-top-column elementor-element elementor-element-be0c73e\" data-id=\"be0c73e\" data-element_type=\"column\">\n\t\t\t<div class=\"elementor-widget-wrap elementor-element-populated\">\n\t\t\t\t\t\t<div class=\"elementor-element elementor-element-1a6412b elementor-widget elementor-widget-heading\" data-id=\"1a6412b\" data-element_type=\"widget\" data-widget_type=\"heading.default\">\n\t\t\t\t<div class=\"elementor-widget-container\">\n\t\t\t\t\t<h2 class=\"elementor-heading-title elementor-size-default\">MATRIZ ARUJ\u00c1 SP <\/h2>\t\t\t\t<\/div>\n\t\t\t\t<\/div>\n\t\t\t\t\t<\/div>\n\t\t<\/div>\n\t\t\t\t\t<\/div>\n\t\t<\/section>\n\t\t\t\t<section class=\"elementor-section elementor-top-section elementor-element elementor-element-240eb7a elementor-section-boxed elementor-section-height-default elementor-section-height-default\" data-id=\"240eb7a\" data-element_type=\"section\">\n\t\t\t\t\t\t<div class=\"elementor-container elementor-column-gap-default\">\n\t\t\t\t\t<div class=\"elementor-column elementor-col-100 elementor-top-column elementor-element elementor-element-7e86705\" data-id=\"7e86705\" data-element_type=\"column\">\n\t\t\t<div class=\"elementor-widget-wrap elementor-element-populated\">\n\t\t\t\t\t\t<div class=\"elementor-element elementor-element-95b8d6a elementor-widget elementor-widget-text-editor\" data-id=\"95b8d6a\" data-element_type=\"widget\" data-widget_type=\"text-editor.default\">\n\t\t\t\t<div class=\"elementor-widget-container\">\n\t\t\t\t\t\t\t\t\t<p><strong>RODOVIA VEREADOR ALBINO RODRIGUES NEVES, 485 ARUJ\u00c1 SP<\/strong><\/p>\t\t\t\t\t\t\t\t<\/div>\n\t\t\t\t<\/div>\n\t\t\t\t\t<\/div>\n\t\t<\/div>\n\t\t\t\t\t<\/div>\n\t\t<\/section>\n\t\t\t\t<section class=\"elementor-section elementor-top-section elementor-element elementor-element-38ab492 elementor-section-boxed elementor-section-height-default elementor-section-height-default\" data-id=\"38ab492\" data-element_type=\"section\">\n\t\t\t\t\t\t<div class=\"elementor-container elementor-column-gap-default\">\n\t\t\t\t\t<div class=\"elementor-column elementor-col-100 elementor-top-column elementor-element elementor-element-24d8131\" data-id=\"24d8131\" data-element_type=\"column\">\n\t\t\t<div class=\"elementor-widget-wrap elementor-element-populated\">\n\t\t\t\t\t\t<div class=\"elementor-element elementor-element-cefd1a9 map-default elementor-widget elementor-widget-google_maps\" data-id=\"cefd1a9\" data-element_type=\"widget\" data-widget_type=\"google_maps.default\">\n\t\t\t\t<div class=\"elementor-widget-container\">\n\t\t\t\t\t\t\t<div class=\"elementor-custom-embed\">\n\t\t\t<iframe loading=\"lazy\"\n\t\t\t\t\tsrc=\"https:\/\/maps.google.com\/maps?q=RODOVIA%20VEREADOR%20ALBINO%20RODRIGUES%20NEVES%2C%20485%20ARUJ%C3%81%20SP&#038;t=m&#038;z=10&#038;output=embed&#038;iwloc=near\"\n\t\t\t\t\ttitle=\"RODOVIA VEREADOR ALBINO RODRIGUES NEVES, 485 ARUJ\u00c1 SP\"\n\t\t\t\t\taria-label=\"RODOVIA VEREADOR ALBINO RODRIGUES NEVES, 485 ARUJ\u00c1 SP\"\n\t\t\t><\/iframe>\n\t\t<\/div>\n\t\t\t\t\t\t<\/div>\n\t\t\t\t<\/div>\n\t\t\t\t\t<\/div>\n\t\t<\/div>\n\t\t\t\t\t<\/div>\n\t\t<\/section>\n\t\t\t\t<section class=\"elementor-section elementor-top-section elementor-element elementor-element-e45ddb4 elementor-section-boxed elementor-section-height-default elementor-section-height-default\" data-id=\"e45ddb4\" data-element_type=\"section\">\n\t\t\t\t\t\t<div class=\"elementor-container elementor-column-gap-default\">\n\t\t\t\t\t<div class=\"elementor-column elementor-col-100 elementor-top-column elementor-element elementor-element-daea626\" data-id=\"daea626\" data-element_type=\"column\">\n\t\t\t<div class=\"elementor-widget-wrap elementor-element-populated\">\n\t\t\t\t\t\t<div class=\"elementor-element elementor-element-bc76950 elementor-widget elementor-widget-heading\" data-id=\"bc76950\" data-element_type=\"widget\" data-widget_type=\"heading.default\">\n\t\t\t\t<div class=\"elementor-widget-container\">\n\t\t\t\t\t<h2 class=\"elementor-heading-title elementor-size-default\">FILIAL PA<\/h2>\t\t\t\t<\/div>\n\t\t\t\t<\/div>\n\t\t\t\t\t<\/div>\n\t\t<\/div>\n\t\t\t\t\t<\/div>\n\t\t<\/section>\n\t\t\t\t<section class=\"elementor-section elementor-top-section elementor-element elementor-element-c695401 elementor-section-boxed elementor-section-height-default elementor-section-height-default\" data-id=\"c695401\" data-element_type=\"section\">\n\t\t\t\t\t\t<div class=\"elementor-container elementor-column-gap-default\">\n\t\t\t\t\t<div class=\"elementor-column elementor-col-100 elementor-top-column elementor-element elementor-element-0472ce5\" data-id=\"0472ce5\" data-element_type=\"column\">\n\t\t\t<div class=\"elementor-widget-wrap elementor-element-populated\">\n\t\t\t\t\t\t<div class=\"elementor-element elementor-element-82c7488 elementor-widget elementor-widget-text-editor\" data-id=\"82c7488\" data-element_type=\"widget\" data-widget_type=\"text-editor.default\">\n\t\t\t\t<div class=\"elementor-widget-container\">\n\t\t\t\t\t\t\t\t\t<p><strong>\u00a0RUA DOIS DE JUNHO, N\u00b018 ANANINDEUA PA<\/strong><\/p>\t\t\t\t\t\t\t\t<\/div>\n\t\t\t\t<\/div>\n\t\t\t\t\t<\/div>\n\t\t<\/div>\n\t\t\t\t\t<\/div>\n\t\t<\/section>\n\t\t\t\t<section class=\"elementor-section elementor-top-section elementor-element elementor-element-d3172a0 elementor-section-boxed elementor-section-height-default elementor-section-height-default\" data-id=\"d3172a0\" data-element_type=\"section\">\n\t\t\t\t\t\t<div class=\"elementor-container elementor-column-gap-default\">\n\t\t\t\t\t<div class=\"elementor-column elementor-col-100 elementor-top-column elementor-element elementor-element-8247b37\" data-id=\"8247b37\" data-element_type=\"column\">\n\t\t\t<div class=\"elementor-widget-wrap elementor-element-populated\">\n\t\t\t\t\t\t<div class=\"elementor-element elementor-element-c0d3bb8 map-default elementor-widget elementor-widget-google_maps\" data-id=\"c0d3bb8\" data-element_type=\"widget\" data-widget_type=\"google_maps.default\">\n\t\t\t\t<div class=\"elementor-widget-container\">\n\t\t\t\t\t\t\t<div class=\"elementor-custom-embed\">\n\t\t\t<iframe loading=\"lazy\"\n\t\t\t\t\tsrc=\"https:\/\/maps.google.com\/maps?q=%20RUA%20DOIS%20DE%20JUNHO%2C%20N%C2%B018%20ANANINDEUA%20PA&#038;t=m&#038;z=10&#038;output=embed&#038;iwloc=near\"\n\t\t\t\t\ttitle=\" RUA DOIS DE JUNHO, N\u00b018 ANANINDEUA PA\"\n\t\t\t\t\taria-label=\" RUA DOIS DE JUNHO, N\u00b018 ANANINDEUA PA\"\n\t\t\t><\/iframe>\n\t\t<\/div>\n\t\t\t\t\t\t<\/div>\n\t\t\t\t<\/div>\n\t\t\t\t\t<\/div>\n\t\t<\/div>\n\t\t\t\t\t<\/div>\n\t\t<\/section>\n\t\t\t\t<section class=\"elementor-section elementor-top-section elementor-element elementor-element-f6ff24d elementor-section-boxed elementor-section-height-default elementor-section-height-default\" data-id=\"f6ff24d\" data-element_type=\"section\">\n\t\t\t\t\t\t<div class=\"elementor-container elementor-column-gap-default\">\n\t\t\t\t\t<div class=\"elementor-column elementor-col-100 elementor-top-column elementor-element elementor-element-2dad1e5\" data-id=\"2dad1e5\" data-element_type=\"column\">\n\t\t\t<div class=\"elementor-widget-wrap elementor-element-populated\">\n\t\t\t\t\t\t<div class=\"elementor-element elementor-element-589cad6 elementor-widget elementor-widget-text-editor\" data-id=\"589cad6\" data-element_type=\"widget\" data-widget_type=\"text-editor.default\">\n\t\t\t\t<div class=\"elementor-widget-container\">\n\t\t\t\t\t\t\t\t\t<p style=\"text-align: center;\"><strong><span style=\"color: #000000;\">A VSS TRANSPORTE \u00c9 ESPECIALISTA NOS ESTADOS DE S\u00c3O PAULO E PAR\u00c1 COM OS PRAZOS MAIS RAPIDOS DO MERCADO RODOVI\u00c1RIO DE CARGAS.<\/span><\/strong><\/p>\t\t\t\t\t\t\t\t<\/div>\n\t\t\t\t<\/div>\n\t\t\t\t\t<\/div>\n\t\t<\/div>\n\t\t\t\t\t<\/div>\n\t\t<\/section>\n\t\t\t\t<\/div>\n\t\t","protected":false},"excerpt":{"rendered":"<p>MATRIZ ARUJ\u00c1 SP RODOVIA VEREADOR ALBINO RODRIGUES NEVES, 485 ARUJ\u00c1 SP FILIAL PA \u00a0RUA DOIS DE JUNHO, N\u00b018 ANANINDEUA PA A VSS TRANSPORTE \u00c9 ESPECIALISTA NOS ESTADOS DE S\u00c3O PAULO E PAR\u00c1 COM OS PRAZOS MAIS RAPIDOS DO MERCADO RODOVI\u00c1RIO DE CARGAS.<\/p>\n","protected":false},"author":2,"featured_media":0,"parent":0,"menu_order":0,"comment_status":"closed","ping_status":"closed","template":"elementor_header_footer","meta":{"advgb_blocks_editor_width":"","advgb_blocks_columns_visual_guide":"","site-sidebar-layout":"no-sidebar","site-content-layout":"page-builder","ast-global-header-display":"","ast-main-header-display":"","ast-hfb-above-header-display":"","ast-hfb-below-header-display":"","ast-hfb-mobile-header-display":"","site-post-title":"disabled","ast-breadcrumbs-content":"","ast-featured-img":"disabled","footer-sml-layout":"","theme-transparent-header-meta":"default","adv-header-id-meta":"","stick-header-meta":"","header-above-stick-meta":"","header-main-stick-meta":"","header-below-stick-meta":"","footnotes":"","_joinchat":[]},"yoast_head":"<!-- This site is optimized with the Yoast SEO plugin v23.5 - https:\/\/yoast.com\/wordpress\/plugins\/seo\/ -->\n<title>Area de Atua\u00e7\u00e3o<\/title>\n<meta name=\"robots\" content=\"index, follow, max-snippet:-1, max-image-preview:large, max-video-preview:-1\" \/>\n<link rel=\"canonical\" href=\"https:\/\/vsstransporte.com.br\/index.php\/area-de-atuacao\/\" \/>\n<meta property=\"og:locale\" content=\"pt_BR\" \/>\n<meta property=\"og:type\" content=\"article\" \/>\n<meta property=\"og:title\" content=\"Area de Atua\u00e7\u00e3o\" \/>\n<meta property=\"og:description\" content=\"MATRIZ ARUJ\u00c1 SP RODOVIA VEREADOR ALBINO RODRIGUES NEVES, 485 ARUJ\u00c1 SP FILIAL PA \u00a0RUA DOIS DE JUNHO, N\u00b018 ANANINDEUA PA A VSS TRANSPORTE \u00c9 ESPECIALISTA NOS ESTADOS DE S\u00c3O PAULO E PAR\u00c1 COM OS PRAZOS MAIS RAPIDOS DO MERCADO RODOVI\u00c1RIO DE CARGAS.\" \/>\n<meta property=\"og:url\" content=\"https:\/\/vsstransporte.com.br\/index.php\/area-de-atuacao\/\" \/>\n<meta property=\"article:modified_time\" content=\"2023-06-05T23:03:33+00:00\" \/>\n<meta property=\"og:image\" content=\"https:\/\/vsstransporte.com.br\/wp-content\/uploads\/2023\/04\/Banner-Site-Black-Friday-moderno-preto-e-rosa-1024x384.jpg\" \/>\n<meta name=\"twitter:card\" content=\"summary_large_image\" \/>\n<meta name=\"twitter:label1\" content=\"Est. tempo de leitura\" \/>\n\t<meta name=\"twitter:data1\" content=\"1 minuto\" \/>\n<script type=\"application\/ld+json\" class=\"yoast-schema-graph\">{\"@context\":\"https:\/\/schema.org\",\"@graph\":[{\"@type\":\"WebPage\",\"@id\":\"https:\/\/vsstransporte.com.br\/index.php\/area-de-atuacao\/\",\"url\":\"https:\/\/vsstransporte.com.br\/index.php\/area-de-atuacao\/\",\"name\":\"Area de Atua\u00e7\u00e3o\",\"isPartOf\":{\"@id\":\"https:\/\/vsstransporte.com.br\/#website\"},\"primaryImageOfPage\":{\"@id\":\"https:\/\/vsstransporte.com.br\/index.php\/area-de-atuacao\/#primaryimage\"},\"image\":{\"@id\":\"https:\/\/vsstransporte.com.br\/index.php\/area-de-atuacao\/#primaryimage\"},\"thumbnailUrl\":\"https:\/\/vsstransporte.com.br\/wp-content\/uploads\/2023\/04\/Banner-Site-Black-Friday-moderno-preto-e-rosa-1024x384.jpg\",\"datePublished\":\"2023-03-31T21:54:57+00:00\",\"dateModified\":\"2023-06-05T23:03:33+00:00\",\"breadcrumb\":{\"@id\":\"https:\/\/vsstransporte.com.br\/index.php\/area-de-atuacao\/#breadcrumb\"},\"inLanguage\":\"pt-BR\",\"potentialAction\":[{\"@type\":\"ReadAction\",\"target\":[\"https:\/\/vsstransporte.com.br\/index.php\/area-de-atuacao\/\"]}]},{\"@type\":\"ImageObject\",\"inLanguage\":\"pt-BR\",\"@id\":\"https:\/\/vsstransporte.com.br\/index.php\/area-de-atuacao\/#primaryimage\",\"url\":\"https:\/\/vsstransporte.com.br\/wp-content\/uploads\/2023\/04\/Banner-Site-Black-Friday-moderno-preto-e-rosa-scaled.jpg\",\"contentUrl\":\"https:\/\/vsstransporte.com.br\/wp-content\/uploads\/2023\/04\/Banner-Site-Black-Friday-moderno-preto-e-rosa-scaled.jpg\",\"width\":2560,\"height\":960},{\"@type\":\"BreadcrumbList\",\"@id\":\"https:\/\/vsstransporte.com.br\/index.php\/area-de-atuacao\/#breadcrumb\",\"itemListElement\":[{\"@type\":\"ListItem\",\"position\":1,\"name\":\"In\u00edcio\",\"item\":\"https:\/\/vsstransporte.com.br\/\"},{\"@type\":\"ListItem\",\"position\":2,\"name\":\"Area de Atua\u00e7\u00e3o\"}]},{\"@type\":\"WebSite\",\"@id\":\"https:\/\/vsstransporte.com.br\/#website\",\"url\":\"https:\/\/vsstransporte.com.br\/\",\"name\":\"\",\"description\":\"\",\"potentialAction\":[{\"@type\":\"SearchAction\",\"target\":{\"@type\":\"EntryPoint\",\"urlTemplate\":\"https:\/\/vsstransporte.com.br\/?s={search_term_string}\"},\"query-input\":{\"@type\":\"PropertyValueSpecification\",\"valueRequired\":true,\"valueName\":\"search_term_string\"}}],\"inLanguage\":\"pt-BR\"}]}<\/script>\n<!-- \/ Yoast SEO plugin. -->","yoast_head_json":{"title":"Area de Atua\u00e7\u00e3o","robots":{"index":"index","follow":"follow","max-snippet":"max-snippet:-1","max-image-preview":"max-image-preview:large","max-video-preview":"max-video-preview:-1"},"canonical":"https:\/\/vsstransporte.com.br\/index.php\/area-de-atuacao\/","og_locale":"pt_BR","og_type":"article","og_title":"Area de Atua\u00e7\u00e3o","og_description":"MATRIZ ARUJ\u00c1 SP RODOVIA VEREADOR ALBINO RODRIGUES NEVES, 485 ARUJ\u00c1 SP FILIAL PA \u00a0RUA DOIS DE JUNHO, N\u00b018 ANANINDEUA PA A VSS TRANSPORTE \u00c9 ESPECIALISTA NOS ESTADOS DE S\u00c3O PAULO E PAR\u00c1 COM OS PRAZOS MAIS RAPIDOS DO MERCADO RODOVI\u00c1RIO DE CARGAS.","og_url":"https:\/\/vsstransporte.com.br\/index.php\/area-de-atuacao\/","article_modified_time":"2023-06-05T23:03:33+00:00","og_image":[{"url":"https:\/\/vsstransporte.com.br\/wp-content\/uploads\/2023\/04\/Banner-Site-Black-Friday-moderno-preto-e-rosa-1024x384.jpg"}],"twitter_card":"summary_large_image","twitter_misc":{"Est. tempo de leitura":"1 minuto"},"schema":{"@context":"https:\/\/schema.org","@graph":[{"@type":"WebPage","@id":"https:\/\/vsstransporte.com.br\/index.php\/area-de-atuacao\/","url":"https:\/\/vsstransporte.com.br\/index.php\/area-de-atuacao\/","name":"Area de Atua\u00e7\u00e3o","isPartOf":{"@id":"https:\/\/vsstransporte.com.br\/#website"},"primaryImageOfPage":{"@id":"https:\/\/vsstransporte.com.br\/index.php\/area-de-atuacao\/#primaryimage"},"image":{"@id":"https:\/\/vsstransporte.com.br\/index.php\/area-de-atuacao\/#primaryimage"},"thumbnailUrl":"https:\/\/vsstransporte.com.br\/wp-content\/uploads\/2023\/04\/Banner-Site-Black-Friday-moderno-preto-e-rosa-1024x384.jpg","datePublished":"2023-03-31T21:54:57+00:00","dateModified":"2023-06-05T23:03:33+00:00","breadcrumb":{"@id":"https:\/\/vsstransporte.com.br\/index.php\/area-de-atuacao\/#breadcrumb"},"inLanguage":"pt-BR","potentialAction":[{"@type":"ReadAction","target":["https:\/\/vsstransporte.com.br\/index.php\/area-de-atuacao\/"]}]},{"@type":"ImageObject","inLanguage":"pt-BR","@id":"https:\/\/vsstransporte.com.br\/index.php\/area-de-atuacao\/#primaryimage","url":"https:\/\/vsstransporte.com.br\/wp-content\/uploads\/2023\/04\/Banner-Site-Black-Friday-moderno-preto-e-rosa-scaled.jpg","contentUrl":"https:\/\/vsstransporte.com.br\/wp-content\/uploads\/2023\/04\/Banner-Site-Black-Friday-moderno-preto-e-rosa-scaled.jpg","width":2560,"height":960},{"@type":"BreadcrumbList","@id":"https:\/\/vsstransporte.com.br\/index.php\/area-de-atuacao\/#breadcrumb","itemListElement":[{"@type":"ListItem","position":1,"name":"In\u00edcio","item":"https:\/\/vsstransporte.com.br\/"},{"@type":"ListItem","position":2,"name":"Area de Atua\u00e7\u00e3o"}]},{"@type":"WebSite","@id":"https:\/\/vsstransporte.com.br\/#website","url":"https:\/\/vsstransporte.com.br\/","name":"","description":"","potentialAction":[{"@type":"SearchAction","target":{"@type":"EntryPoint","urlTemplate":"https:\/\/vsstransporte.com.br\/?s={search_term_string}"},"query-input":{"@type":"PropertyValueSpecification","valueRequired":true,"valueName":"search_term_string"}}],"inLanguage":"pt-BR"}]}},"coauthors":[],"author_meta":{"author_link":"https:\/\/vsstransporte.com.br\/index.php\/author\/amauri\/","display_name":"Amauri Miranda"},"relative_dates":{"created":"Publicado 3 anos atr\u00e1s","modified":"Atualizado 3 anos atr\u00e1s"},"absolute_dates":{"created":"Publicado em 31 de mar\u00e7o de 2023","modified":"Atualizado em 5 de junho de 2023"},"absolute_dates_time":{"created":"Publicado em 31 de mar\u00e7o de 2023 18:54","modified":"Atualizado em 5 de junho de 2023 20:03"},"featured_img_caption":"","featured_img":false,"series_order":"","_links":{"self":[{"href":"https:\/\/vsstransporte.com.br\/index.php\/wp-json\/wp\/v2\/pages\/723"}],"collection":[{"href":"https:\/\/vsstransporte.com.br\/index.php\/wp-json\/wp\/v2\/pages"}],"about":[{"href":"https:\/\/vsstransporte.com.br\/index.php\/wp-json\/wp\/v2\/types\/page"}],"author":[{"embeddable":true,"href":"https:\/\/vsstransporte.com.br\/index.php\/wp-json\/wp\/v2\/users\/2"}],"replies":[{"embeddable":true,"href":"https:\/\/vsstransporte.com.br\/index.php\/wp-json\/wp\/v2\/comments?post=723"}],"version-history":[{"count":67,"href":"https:\/\/vsstransporte.com.br\/index.php\/wp-json\/wp\/v2\/pages\/723\/revisions"}],"predecessor-version":[{"id":1832,"href":"https:\/\/vsstransporte.com.br\/index.php\/wp-json\/wp\/v2\/pages\/723\/revisions\/1832"}],"wp:attachment":[{"href":"https:\/\/vsstransporte.com.br\/index.php\/wp-json\/wp\/v2\/media?parent=723"}],"curies":[{"name":"wp","href":"https:\/\/api.w.org\/{rel}","templated":true}]}}